93248 and 2244.
132
What is the greatest common factor of 4176 and 94192?
464
What is the highest common factor of 6232 and 2776?
8
Calculate the greatest common divisor of 123 and 57.
3
Calculate the greatest common factor of 1166 and 24698.
106
Calculate the highest common divisor of 180 and 536340.
60
Calculate the greatest common factor of 278980 and 5920.
740
What is the greatest common factor of 52575 and 825?
75
Calculate the highest common factor of 1385345 and 5.
5
Calculate the highest common divisor of 92 and 167394.
46
What is the greatest common factor of 3341610 and 90?
90
Calculate the greatest common factor of 582 and 122.
2
What is the greatest common factor of 13275 and 1?
1
What is the greatest common factor of 80 and 129680?
80
What is the highest common divisor of 6464 and 12?
4
Calculate the greatest common factor of 729629 and 23.
23
Calculate the greatest common divisor of 1280 and 150.
10
What is the highest common divisor of 1710 and 29655?
45
Calculate the greatest common factor of 125833 and 23.
23
Calculate the greatest common factor of 1485 and 411939.
297
Calculate the greatest common divisor of 112 and 165788.
28
What is the highest common divisor of 4256114 and 1178?
1178
What is the greatest common factor of 347796 and 36?
36
Calculate the highest common divisor of 32692 and 44.
44
What is the greatest common divisor of 66 and 127039?
11
Calculate the greatest common factor of 1048 and 163226.
262
Calculate the highest common divisor of 930 and 3490.
10
Calculate the greatest common factor of 4508 and 125902.
322
Calculate the highest common divisor of 171 and 233225.
19
Calculate the greatest common factor of 77 and 1561.
7
Calculate the highest common divisor of 62599 and 3481.
59
Calculate the greatest common divisor of 12465 and 90.
45
Calculate the highest common factor of 807 and 528316.
269
Calculate the highest common divisor of 30969 and 135.
27
What is the highest common divisor of 1060 and 29660?
20
What is the highest common divisor of 10573 and 872?
109
What is the greatest common divisor of 75 and 36200?
25
What is the highest common divisor of 42 and 293188?
14
What is the greatest common divisor of 26593 and 49?
7
What is the greatest common factor of 14691 and 27848?
59
What is the highest common factor of 2646 and 656992?
98
Calculate the highest common divisor of 648 and 2316843.
81
What is the highest common factor of 191049 and 258?
129
What is the highest common factor of 219397 and 23?
23
What is the highest common factor of 194686 and 5008?
626
What is the greatest common divisor of 973 and 7367?
139
What is the greatest common divisor of 2910 and 68205?
15
What is the greatest common factor of 831 and 7221944?
277
Calculate the greatest common divisor of 444 and 167980.
148
What is the highest common divisor of 87 and 5838744?
87
What is the highest common factor of 99 and 202977?
9
What is the greatest common factor of 36 and 1627182?
18
Calculate the highest common divisor of 253 and 613019.
253
What is the greatest common factor of 5500 and 19140?
220
What is the highest common divisor of 22 and 270?
2
What is the greatest common factor of 7505 and 105465?
395
What is the greatest common factor of 119349 and 36207?
1341
What is the greatest common factor of 25522 and 21?
7
What is the highest common divisor of 114091 and 1684?
421
Calculate the greatest common factor of 5 and 4191245.
5
Calculate the greatest common divisor of 15675 and 361.
19
Calculate the greatest common divisor of 63 and 132237.
63
Calculate the greatest common factor of 4311 and 713710.
479
What is the highest common factor of 136087 and 35?
7
What is the greatest common divisor of 671 and 27621?
11
What is the highest common divisor of 50808 and 9976?
232
What is the highest common factor of 136584 and 5544?
504
What is the highest common divisor of 74 and 22?
2
What is the highest common factor of 126 and 145161?
9
Calculate the greatest common factor of 15690 and 270.
30
What is the highest common factor of 12 and 89412?
12
Calculate the highest common divisor of 1224 and 46206.
306
What is the greatest common factor of 95 and 58406?
19
What is the greatest common divisor of 750 and 5010?
30
What is the highest common divisor of 16 and 12517?
1
Calculate the highest common divisor of 428 and 273278.
214
Calculate the highest common divisor of 12 and 416536.
4
What is the greatest common divisor of 42174 and 88253?
781
Calculate the greatest common divisor of 2016 and 3808.
224
Calculate the highest common factor of 189342 and 522.
18
Calculate the highest common factor of 19935 and 315.
45
Calculate the greatest common divisor of 167256 and 276552.
1656
Calculate the highest common divisor of 192 and 14536.
8
Calculate the highest common factor of 718 and 1446052.
718
What is the greatest common divisor of 215808 and 3934?
562
Calculate the highest common divisor of 20112 and 24.
24
What is the greatest common divisor of 6356 and 1?
1
What is the greatest common factor of 30243 and 6523?
593
What is the greatest common factor of 2 and 4593?
1
Calculate the highest common factor of 30 and 195015.
15
Calculate the highest common divisor of 27335 and 2695.
385
What is the highest common factor of 273 and 10185?
21
Calculate the highest common factor of 442 and 598.
26
What is the highest common divisor of 26496 and 351?
9
What is the greatest common factor of 1461 and 7792?
487
What is the highest common divisor of 109281 and 876?
219
Calculate the greatest common divisor of 13900329 and 81.
81
What is the highest common factor of 13262 and 241508?
698
What is the highest common factor of 81423 and 218?
109
Calculate the highest common divisor of 103980 and 180.
60
What is the highest common factor of 127834 and 2898?
322
Calculate the highest common factor of 9514 and 75978.
134
What is the highest common divisor of 216960 and 15?
15
Calculate the highest common factor of 3509 and 12463.
121
Calculate the greatest common factor of 108 and 157368.
12
Calculate the greatest common factor of 42898 and 2651.
241
What is the highest common divisor of 423 and 137193?
141
Calculate the greatest common divisor of 400144 and 356.
356
What is the greatest common factor of 107 and 1569904?
107
Calculate the greatest common factor of 3690 and 444.
6
What is the highest common factor of 49573 and 6127?
557
Calculate the greatest common divisor of 432 and 218048.
16
Calculate the greatest common divisor of 236137 and 55.
11
Calculate the highest common factor of 2546726 and 1274.
1274
What is the highest common factor of 2442748 and 721?
721
Calculate the highest common divisor of 76 and 6498.
38
What is the highest common divisor of 272650 and 90?
10
Calculate the greatest common divisor of 42 and 14490.
42
What is the greatest common factor of 209 and 347985?
209
What is the greatest common factor of 2728329 and 138?
69
What is the greatest common divisor of 10438 and 70610?
614
What is the greatest common divisor of 18 and 752013?
9
What is the highest common divisor of 28 and 7468?
4
What is the greatest common factor of 125 and 4145?
5
Calculate the greatest common divisor of 80 and 3430.
10
Calculate the highest common factor of 6465 and 1260.
15
Calculate the highest common factor of 94985 and 2178.
121
What is the greatest common divisor of 3403325 and 25?
25
Calculate the highest common factor of 977 and 610625.
977
Calculate the greatest common divisor of 380000 and 76.
76
Calculate the greatest common factor of 207442 and 304114.
2014
What is the highest common divisor of 112 and 330864?
16
What is the highest common factor of 3475 and 438545?
695
What is the greatest common factor of 339 and 522512?
113
Calculate the greatest common factor of 946 and 22561.
11
Calculate the highest common divisor of 314106 and 858.
78
Calculate the highest common divisor of 1031827 and 2149.
307
Calculate the greatest common factor of 2387 and 37037.
77
Calculate the highest common divisor of 23276 and 418.
22
What is the highest common factor of 208 and 923?
13
Calculate the greatest common divisor of 103842 and 6.
6
Calculate the greatest common divisor of 3568 and 14656.
16
What is the greatest common divisor of 766 and 